ed by l.
9
Suppose -f = -0 - 2. Let n(g) = -2*g - 9 - f*g + 1. Calculate the remainder when n(-7) is divided by 7.
6
Let f(a) = -6*a - 1. Let h be f(-1). Calculate the remainder when 10*2/h*5 is divided by 7.
6
Let f = 17 + -9. Let z(s) be the second derivative of -s**5/20 - s**4/12 - s**2/2 + s. Calculate the remainder when f is divided by z(-2).
2
Suppose -o = -1, 3*d + 3*o = 11 + 58. Calculate the remainder when 42 is divided by d.
20
Let a(i) = -i**3 - 4*i**2 - 2*i - 3. Let c be a(-4). Suppose c*p = -3798 - 1092. What is the remainder when (-4)/14 + p/(-42) is divided by 12?
11
Let v(o) = -o**3 + 9*o**2 + 14*o - 8. What is the remainder when 58 is divided by v(10)?
26
Let a(x) = -3*x**3 + 10*x**2 - 5*x - 13. Let q(n) = -n**3 + n. Let b(p) = a(p) - 2*q(p). What is the remainder when 9 is divided by b(9)?
4
Let a = -8 - -45. Calculate the remainder when a is divided by 20.
17
Suppose 2*t = -5*v + 141, -68 = -2*v - 0*v + 5*t. Let s be 3*3*(3 + -2). Calculate the remainder when v is divided by (-5)/((-12)/s + 1).
14
Let g = 35 - 33. Calculate the remainder when 3 is divided by g.
1
Suppose 0 - 16 = -4*k. What is the remainder when (-1)/2*-4*(-150)/(-20) is divided by k?
3
Suppose 5 = 4*f - m, 2*f + 4*m = -3 + 19. Suppose -z - v - 3 = -8, -10 = -f*z - 4*v. What is the remainder when (0 - z)/((-3)/3) is divided by 3?
2
Let c(g) = -g**3 + 3*g**2 - 2*g. Let o be c(2). Let t(m) = m**2 + 4. Let f be t(o). Suppose 28 = f*l - 8. Calculate the remainder when l is divided by 6.
3
Let u = 0 - 1. Let v = -1 + u. Calculate the remainder when 36/10 - v/5 is divided by 3.
1
Let t = 4 - 3. Let f be -3*7/((-63)/6). Suppose 4 = 2*z - f. Calculate the remainder when z is divided by t.
0
Suppose d + 5*s - 51 = 0, 0 = -5*d + 2*d - 5*s + 113. What is the remainder when d is divided by 13?
5
Suppose -224 + 56 = -8*i. Calculate the remainder when 103 is divided by i.
19
Let n(i) = 5*i**2 + 2*i + 1. Let a(z) = -z**3 - 6*z**2 + 8*z + 9. Let y be a(-7). Let p be (3/(-2))/3*y. What is the remainder when 11 is divided by n(p)?
3
What is the remainder when (-3164)/(-17) + 52/(-442) is divided by 17?
16
Let t be 1/(-2)*8/(-2). Let c(h) = h**3 - 9*h**2 - 2*h + 8. Let u be c(9). Calculate the remainder when 7 is divided by (t + u/8)*4.
1
Suppose -3*o = -5*a + 37, 5*a - 6*o = -2*o + 41. Suppose 6*j - a*j - 17 = 0. Calculate the remainder when 32 is divided by j.
15
Let t = 7 - 11. Let z be (t/(-6))/(1/33). Suppose 5*n + z = 72. What is the remainder when 19 is divided by n?
9
Let m be (1/(-2))/((-7)/182). Suppose 2*h = x + 3*h - m, -49 = -3*x + 2*h. What is the remainder when 43 is divided by x?
13
Let q = -151 + 159. Calculate the remainder when 32 is divided by q.
0
Suppose -1 = 5*m - 11. Suppose 0 = -4*r - 2*t - t + 231, m*t = -4*r + 230. Calculate the remainder when r is divided by 15.
12
Suppose i = 5, 105 = 2*s + 3*s - 5*i. Suppose -122 = -2*j + 32. Calculate the remainder when j is divided by s.
25
Let d(o) = -3*o + 3. Calculate the remainder when 31 + 3*(-2 + 3) is divided by d(-3).
10
Let l(v) = -v**2 + 19*v + 20. Calculate the remainder when l(16) is divided by 15.
8
Suppose -4*k + 2*k + 70 = 4*i, 5*k - 4*i = 203. Calculate the remainder when k is divided by 7.
4
Suppose -2*x + 8 = 0, -65 + 17 = -2*j + 2*x. What is the remainder when 82 is divided by j?
26
Suppose 0 = 2*g - 0*g - 18. Calculate the remainder when 35 is divided by g.
8
Suppose -5*r - 4*w + 43 = 0, -2*r = w - 4*w - 8. What is the remainder when 27 is divided by r?
6
Suppose 52 = 2*n + 6. What is the remainder when n is divided by 5?
3
Suppose 47 - 2 = 5*g. Let w = 21 - g. Suppose -5*i = -58 - w. Calculate the remainder when 26 is divided by i.
12
Suppose 3*c - 5*j = 163, -c + 59 = j + 10. Let u = 0 + 0. Suppose -7*n + 82 + 9 = u. Calculate the remainder when c is divided by n.
12
Let s(v) = -v**2 - 10*v - 14. What is the remainder when s(-7) is divided by 5?
2
Let d = -26 - -41. Let w(y) = -58*y - 1. What is the remainder when w(-1) is divided by d?
12
Suppose 3*c - 40 + 9 = -2*v, 0 = 3*v - 2*c - 66. Calculate the remainder when v is divided by 11.
9
Let a(m) = 3*m**2 - 5*m - 4. Suppose 563 = 9*u + 383. What is the remainder when a(-3) is divided by u?
18
Let p = 23 + -9. Calculate the remainder when (1/1)/(7/266) is divided by p.
10
What is the remainder when 13 is divided by (-3 - -4) + -1 + 1?
0
Suppose -2*l - 23 = -63. Let u(k) = -k**3 - 17*k**2 - 2*k - 23. Calculate the remainder when l is divided by u(-17).
9
Let w(i) = -10*i - 3*i + 6 + 3*i. Let a = -82 + 101. Calculate the remainder when w(-5) is divided by a.
18
Let k = 14 - 0. What is the remainder when 67 is divided by k?
11
Let k = 1 - 3. Let f = 27 + k. Let z(u) = 2*u**2 + u - 2. What is the remainder when f is divided by z(-3)?
12
Let j(z) = 2*z**3 - 2*z**2 - 5*z + 1. Let t(y) = -3*y**3 + 2*y**2 + 6*y - 1. Let u(a) = -6*j(a) - 5*t(a). What is the remainder when 15 is divided by u(1)?
3
Let n be 12*(1 - 6/9). Suppose -n*c = -3*u + 3, -5*c + 3 = -5*u + 8. Suppose -f = -c*f - 2. What is the remainder when 2 is divided by f?
0
Let y be -2 - -6 - (3 - 1). Suppose -24 = -y*d + 12. Suppose 20 = r - 14. Calculate the remainder when r is divided by d.
16
Let v = -17 + 14. Let i = v + 11. Let n(a) = 2*a**2 + 6*a + 2. Calculate the remainder when n(-5) is divided by i.
6
Let q = 256 + -157. Calculate the remainder when q is divided by 34.
31
Calculate the remainder when (-2)/(-1) + (2 - -8) is divided by 7.
5
Let v(r) = 9*r - 12. What is the remainder when v(14) is divided by 342/12 - (-1)/2?
27
Let j(d) = d**2 - 6*d + 6. Suppose 0 = -o - 1 + 6. What is the remainder when j(o) is divided by 1?
0
Let v(d) = -24*d**3. Let q be (-45 + 2)*(-1)/1. Suppose 3*b + 0*b + q = 4*y, 4*b = 3*y - 27. What is the remainder when v(-1) is divided by y?
11
Let d(z) = 2*z + 7. Let h be d(-5). Let s = 8 - h. What is the remainder when 21 is divided by s?
10
Suppose 0 = a - 26. What is the remainder when a is divided by 10?
6
Suppose -2*o - r = -o - 7, 0 = 4*o + 5*r - 24. Let a(u) = 5*u + 6. What is the remainder when a(5) is divided by o?
9
Suppose 0 = -3*l + 2 - 8. Calculate the remainder when l/(-6) - 77/(-3) is divided by 9.
8
Let z(b) = b + 7. Let x = 4 + 1. Suppose x*c = -0*v - 5*v + 160, -4*c - 2*v = -134. What is the remainder when c is divided by z(5)?
11
Let q(y) be the third derivative of 7*y**5/20 + y**4/12 + y**3/6 + 4*y**2. What is the remainder when 77 is divided by q(-1)?
17
Let m be (-2 + 3)/((-2)/(-4)). What is the remainder when 26 is divided by m/6 - (-123)/9?
12
Suppose -4*f - 27 = -7. Let p = f + 7. Calculate the remainder when 6 is divided by p.
0
Suppose -9*l - 36 = -216. What is the remainder when 93 is divided by l?
13
Suppose 150 = -i + 4*i. Calculate the remainder when i is divided by 18.
14
Let k(q) = -5*q + 3. Let p be k(3). Let j = p - -60. Calculate the remainder when j is divided by 17.
14
Let h(m) = -30*m - 2. Let f = -98 - -143. Let z = f - 15. What is the remainder when h(-2) is divided by z?
28
Let f = -29 + 40. Let k(t) = -12*t + 2. Let v(s) = -s. Let q(z) = -k(z) - 5*v(z). Calculate the remainder when q(2) is divided by f.
10
Suppose 3*t = 21 + 3. Suppose 2*r = -2*c + 40, -4*r - 2*c - c + 76 = 0. Suppose -5*p - r = -81. What is the remainder when p is divided by t?
5
Let f(a) = a**3 + 12*a**2 - 15*a - 16. What is the remainder when 39 is divided by f(-13)?
9
Suppose 2*g - 5*t + 97 + 3 = 0, -2*g - 136 = 4*t. Calculate the remainder when 28 is divided by (12/8)/((-9)/g).
8
Suppose 0 = 5*w - 79 - 6. Let n(i) = i**3 + 5*i**2 - 7*i + 3. Calculate the remainder when w is divided by n(-6).
8
Suppose -4*q + 5*q - 4 = 0, -4*f + 3*q - 36 = 0. Calculate the remainder when 52/f*27/(-18) is divided by 8.
5
Let t = -3 - 10. What is the remainder when 16 is divided by t/(-2) - 7/14?
4
Let q(y) = -2*y - 7. Calculate the remainder when q(-13) is divided by 10.
9
Let i be 2/8 - (-2)/(-8). Suppose 7 + 4 = 2*y + 3*m, -y + 2*m - 12 = i. What is the remainder when 3/(y/(-14)*1) is divided by 11?
10
Suppose -12*k = -11*k - 2. Suppose -k*a = -0*o - 3*o + 29, -o = -4*a - 13. What is the remainder when o is divided by 5?
4
Let o(w) = 7*w - 27. What is the remainder when -2 - (2*-29 + -3) is divided by o(6)?
14
Let z = 98 - -96. What is the remainder whe